{"id":25632,"date":"2016-11-17T17:50:05","date_gmt":"2016-11-17T17:50:05","guid":{"rendered":"http:\/\/bernardocasado.com\/english\/?page_id=25632"},"modified":"2022-12-01T10:39:59","modified_gmt":"2022-12-01T10:39:59","slug":"bernardo-casado-locutor","status":"publish","type":"page","link":"https:\/\/bernardocasado.com\/english\/","title":{"rendered":"BERNARDO CASADO LOCUTOR"},"content":{"rendered":"<p>[et_pb_section fb_built=&#8221;1&#8243; fullwidth=&#8221;on&#8221; module_class=&#8221;header_dark&#8221; _builder_version=&#8221;4.18.0&#8243; background_enable_color=&#8221;off&#8221; use_background_color_gradient=&#8221;on&#8221; background_color_gradient_stops=&#8221;rgba(0,0,0,0.51) 0%|rgba(0,0,0,0.5) 100%&#8221; background_color_gradient_overlays_image=&#8221;on&#8221; background_color_gradient_start=&#8221;rgba(0,0,0,0.51)&#8221; background_color_gradient_end=&#8221;rgba(0,0,0,0.5)&#8221; background_image=&#8221;https:\/\/bernardocasado.com\/english\/wp-content\/uploads\/sites\/2\/2022\/11\/pexels-pixabay-164907.jpg&#8221; background_blend=&#8221;multiply&#8221; custom_css_before=&#8221;|| &#8221; global_colors_info=&#8221;{}&#8221; custom_css_before__hover_enabled=&#8221;on|desktop&#8221; custom_css_before__hover=&#8221;|| &#8220;][et_pb_fullwidth_header title=&#8221;Bernardo Casado&#8221; subhead=&#8221;VOICE OVER AND VOICE ACTOR&#8221; _builder_version=&#8221;4.18.0&#8243; title_text_align=&#8221;center&#8221; title_text_color=&#8221;#ffffff&#8221; title_font_size=&#8221;45px&#8221; title_letter_spacing=&#8221;2px&#8221; content_text_align=&#8221;center&#8221; content_text_color=&#8221;#ffffff&#8221; subhead_font=&#8221;|||on|||||&#8221; subhead_text_align=&#8221;center&#8221; subhead_text_color=&#8221;#ffffff&#8221; subhead_font_size=&#8221;28px&#8221; subhead_letter_spacing=&#8221;2px&#8221; background_enable_color=&#8221;off&#8221; background_enable_image=&#8221;off&#8221; custom_padding=&#8221;7%||3%||false|false&#8221; global_colors_info=&#8221;{}&#8221;][\/et_pb_fullwidth_header][\/et_pb_section][et_pb_section fb_built=&#8221;1&#8243; module_class=&#8221;emily_light_background_page&#8221; _builder_version=&#8221;4.16&#8243; background_color_gradient_direction=&#8221;90deg&#8221; global_colors_info=&#8221;{}&#8221;][et_pb_row column_structure=&#8221;1_3,2_3&#8243; module_class=&#8221;emily_light_background_borders&#8221; _builder_version=&#8221;4.16&#8243; custom_margin=&#8221;3%||3%||true|false&#8221; custom_padding=&#8221;3%||3%||false|false&#8221; border_width_top=&#8221;2px&#8221; border_color_top=&#8221;#f9f6f4&#8243; border_width_right=&#8221;0px&#8221; border_width_bottom=&#8221;2px&#8221; border_color_bottom=&#8221;#f9f6f4&#8243; border_width_left=&#8221;2px&#8221; border_color_left=&#8221;#f9f6f4&#8243; border_width_top_tablet=&#8221;0px&#8221; border_width_top_phone=&#8221;&#8221; border_width_top_last_edited=&#8221;on|tablet&#8221; border_width_bottom_tablet=&#8221;0px&#8221; border_width_bottom_phone=&#8221;&#8221; border_width_bottom_last_edited=&#8221;on|tablet&#8221; border_width_left_tablet=&#8221;0px&#8221; border_width_left_phone=&#8221;&#8221; border_width_left_last_edited=&#8221;on|tablet&#8221; global_colors_info=&#8221;{}&#8221;][et_pb_column type=&#8221;1_3&#8243; _builder_version=&#8221;4.16&#8243; global_colors_info=&#8221;{}&#8221;][et_pb_gallery gallery_ids=&#8221;41&#8243; fullwidth=&#8221;on&#8221; module_class=&#8221;emily_service_shadow_left&#8221; _builder_version=&#8221;4.18.0&#8243; custom_margin=&#8221;80px|||-80px|false|false&#8221; custom_margin_tablet=&#8221;|||0px|false|false&#8221; custom_margin_phone=&#8221;&#8221; custom_margin_last_edited=&#8221;on|tablet&#8221; auto=&#8221;on&#8221; custom_css_gallery_item=&#8221;max-height: 540px;||overflow: hidden;&#8221; custom_css_overlay_icon=&#8221;display: none;&#8221; global_colors_info=&#8221;{}&#8221;][\/et_pb_gallery][et_pb_text _builder_version=&#8221;4.18.0&#8243; text_font=&#8221;||||||||&#8221; text_line_height=&#8221;2em&#8221; header_font=&#8221;||||||||&#8221; header_3_font=&#8221;Roboto|300|||||||&#8221; header_3_font_size=&#8221;48px&#8221; header_3_line_height=&#8221;1.4em&#8221; custom_margin=&#8221;|||-80px|false|false&#8221; custom_margin_tablet=&#8221;|||0px|false|false&#8221; custom_margin_phone=&#8221;&#8221; custom_margin_last_edited=&#8221;on|tablet&#8221; animation_style=&#8221;slide&#8221; animation_direction=&#8221;left&#8221; animation_intensity_slide=&#8221;5%&#8221; text_font_size_tablet=&#8221;&#8221; text_font_size_phone=&#8221;14px&#8221; text_font_size_last_edited=&#8221;on|phone&#8221; header_3_font_size_tablet=&#8221;&#8221; header_3_font_size_phone=&#8221;36px&#8221; header_3_font_size_last_edited=&#8221;on|phone&#8221; locked=&#8221;off&#8221; global_colors_info=&#8221;{}&#8221;]<\/p>\n<h4 class=\"et_pb_module_header\" style=\"text-align: left;\"><strong>WORKS<\/strong><\/h4>\n<div class=\"et_pb_blurb_description\">\n<ul>\n<li>Programas Documentos TV (TVE1)<\/li>\n<li>Zap-Zap (Telemadrid)<\/li>\n<li>La Guia (Telemadrid-CanalSur)<\/li>\n<li>Magazine R\u00e1pido (TV2)<\/li>\n<li>EuroNews Documentales-Publicidad<\/li>\n<li>Movistar+ (Publicidad y Trailers)<\/li>\n<li>Canales Tem\u00e1ticos<\/li>\n<li>Publicidad, Corporativos, Documentales, Audiolibros, Audiogu\u00edas, etc para muy diversas marcas.<\/li>\n<\/ul>\n<\/div>\n<p>[\/et_pb_text][et_pb_social_media_follow icon_color=&#8221;#000000&#8243; _builder_version=&#8221;4.18.0&#8243; text_orientation=&#8221;right&#8221; hover_enabled=&#8221;0&#8243; text_orientation_tablet=&#8221;left&#8221; text_orientation_phone=&#8221;&#8221; text_orientation_last_edited=&#8221;on|tablet&#8221; global_colors_info=&#8221;{}&#8221; sticky_enabled=&#8221;0&#8243;][et_pb_social_media_follow_network social_network=&#8221;facebook&#8221; _builder_version=&#8221;4.18.0&#8243; background_enable_color=&#8221;off&#8221; hover_enabled=&#8221;0&#8243; global_colors_info=&#8221;{}&#8221; follow_button=&#8221;off&#8221; url_new_window=&#8221;on&#8221; url=&#8221;https:\/\/www.facebook.com\/locbernardocasado&#8221; sticky_enabled=&#8221;0&#8243;]facebook[\/et_pb_social_media_follow_network][et_pb_social_media_follow_network social_network=&#8221;twitter&#8221; _builder_version=&#8221;4.18.0&#8243; background_enable_color=&#8221;off&#8221; hover_enabled=&#8221;0&#8243; global_colors_info=&#8221;{}&#8221; follow_button=&#8221;off&#8221; url_new_window=&#8221;on&#8221; url=&#8221;https:\/\/twitter.com\/BernardoCasado1&#8243; sticky_enabled=&#8221;0&#8243;]twitter[\/et_pb_social_media_follow_network][et_pb_social_media_follow_network social_network=&#8221;instagram&#8221; _builder_version=&#8221;4.18.0&#8243; background_enable_color=&#8221;off&#8221; hover_enabled=&#8221;0&#8243; global_colors_info=&#8221;{}&#8221; follow_button=&#8221;off&#8221; url_new_window=&#8221;on&#8221; url=&#8221;https:\/\/www.instagram.com\/locutorbernacasado\/?hl=es&#8221; sticky_enabled=&#8221;0&#8243;]instagram[\/et_pb_social_media_follow_network][\/et_pb_social_media_follow][\/et_pb_column][et_pb_column type=&#8221;2_3&#8243; module_class=&#8221;emily_lines&#8221; _builder_version=&#8221;4.16&#8243; custom_padding_tablet=&#8221;&#8221; custom_padding_phone=&#8221;&#8221; custom_padding_last_edited=&#8221;on|tablet&#8221; global_colors_info=&#8221;{}&#8221;][et_pb_text _builder_version=&#8221;4.18.0&#8243; text_font=&#8221;||||||||&#8221; text_font_size=&#8221;18px&#8221; text_line_height=&#8221;2.2em&#8221; header_2_font_size=&#8221;38px&#8221; header_2_letter_spacing=&#8221;1px&#8221; header_2_line_height=&#8221;1.4em&#8221; custom_margin=&#8221;||20px||false|false&#8221; animation_style=&#8221;slide&#8221; animation_direction=&#8221;left&#8221; animation_intensity_slide=&#8221;5%&#8221; text_font_size_tablet=&#8221;&#8221; text_font_size_phone=&#8221;14px&#8221; text_font_size_last_edited=&#8221;on|phone&#8221; header_2_font_size_tablet=&#8221;38px&#8221; header_2_font_size_phone=&#8221;26px&#8221; header_2_font_size_last_edited=&#8221;on|phone&#8221; locked=&#8221;off&#8221; global_colors_info=&#8221;{}&#8221; header_3_font_size__hover=&#8221;22px&#8221; header_3_font_size__hover_enabled=&#8221;22px&#8221; header_3_letter_spacing__hover=&#8221;0px&#8221; header_3_letter_spacing__hover_enabled=&#8221;0px&#8221; header_3_line_height__hover=&#8221;1em&#8221; header_3_line_height__hover_enabled=&#8221;1em&#8221; header_3_text_shadow_style__hover=&#8221;none&#8221; header_3_text_shadow_style__hover_enabled=&#8221;none&#8221; header_3_text_shadow_color__hover=&#8221;rgba(0,0,0,0.4)&#8221; header_3_text_shadow_color__hover_enabled=&#8221;rgba(0,0,0,0.4)&#8221;]<\/p>\n<h2>Bernardo Casado<\/h2>\n<p>LOCUTOR Y VOICE ACTOR<\/p>\n<p>[\/et_pb_text][et_pb_divider divider_weight=&#8221;3px&#8221; _builder_version=&#8221;4.16&#8243; max_width=&#8221;21%&#8221; module_alignment=&#8221;left&#8221; height=&#8221;16px&#8221; animation_style=&#8221;slide&#8221; animation_direction=&#8221;right&#8221; animation_duration=&#8221;2000ms&#8221; animation_intensity_slide=&#8221;25%&#8221; global_colors_info=&#8221;{}&#8221;][\/et_pb_divider][et_pb_text _builder_version=&#8221;4.18.0&#8243; text_font=&#8221;||||||||&#8221; text_line_height=&#8221;2em&#8221; header_font=&#8221;||||||||&#8221; header_3_font=&#8221;Roboto|300|||||||&#8221; header_3_font_size=&#8221;48px&#8221; header_3_line_height=&#8221;1.4em&#8221; custom_margin=&#8221;|0px||0px|false|true&#8221; custom_padding=&#8221;||||false|false&#8221; custom_padding_tablet=&#8221;|0px||0px|false|false&#8221; custom_padding_phone=&#8221;&#8221; custom_padding_last_edited=&#8221;on|tablet&#8221; animation_style=&#8221;slide&#8221; animation_direction=&#8221;left&#8221; animation_intensity_slide=&#8221;5%&#8221; text_font_size_tablet=&#8221;&#8221; text_font_size_phone=&#8221;14px&#8221; text_font_size_last_edited=&#8221;on|phone&#8221; header_3_font_size_tablet=&#8221;&#8221; header_3_font_size_phone=&#8221;36px&#8221; header_3_font_size_last_edited=&#8221;on|phone&#8221; locked=&#8221;off&#8221; global_colors_info=&#8221;{}&#8221;]<\/p>\n<p><span lang=\"EN-US\">I&#8217;m Bernardo Casado, voice over<span>\u00a0<\/span><span>\u00a0<\/span>and voice acting. If you are looking for a deep, versatile, warm voice&#8230; something special that gives your projects the appeal you had thought of, this is the right place. After extensive experience in Corporate, Advertising, Documentary, Dubbing, Audiobooks, etc, etc, any new project is an exciting challenge. I have my own professional recording studio, so 24 hours a day are dedicated to what you need. I have worked for Spanish TV channels (TVE, La2, Tele Madrid, Canal Sur, Antena Tres, Telecinco, Movistar+) and internationally with EuroNews and some Latin American channels. For all my works in Spain, Germany, France, Italy, the USA, Colombia, Mexico, Israel, India, China or Qatar, I have always wanted the same thing, that the final result was professional and close. In a professional, economical way and in a short space of time you will have your locution, without delays, without long efforts, in a simple way&#8230; we can talk whenever you like. Even if you need a script for your commercial, corporate, documentary or whatever you can think of, you can count on me.<span>\u00a0<\/span><\/span><span>All in voice<\/span><u><\/u><span>\u00a0<\/span><\/p>\n<p>[\/et_pb_text][et_pb_button button_url=&#8221;https:\/\/bernardocasado.com\/english\/servicios-de-locucion\/&#8221; button_text=&#8221;DISCOVER MY SERVICES&#8221; button_alignment=&#8221;center&#8221; _builder_version=&#8221;4.18.0&#8243; custom_button=&#8221;on&#8221; button_text_size=&#8221;16px&#8221; button_bg_color=&#8221;rgba(0,0,0,0.8)&#8221; button_use_icon=&#8221;off&#8221; custom_margin=&#8221;0px|0px|||false|false&#8221; custom_margin_tablet=&#8221;|0px|||false|false&#8221; custom_margin_phone=&#8221;&#8221; custom_margin_last_edited=&#8221;on|tablet&#8221; custom_padding=&#8221;30px|20px|30px|20px|true|true&#8221; global_colors_info=&#8221;{}&#8221;][\/et_pb_button][\/et_pb_column][\/et_pb_row][\/et_pb_section][et_pb_section fb_built=&#8221;1&#8243; module_class=&#8221;olivia-testimonial &#8221; _builder_version=&#8221;4.18.0&#8243; background_image=&#8221;https:\/\/bernardocasado.com\/english\/wp-content\/uploads\/sites\/2\/2022\/11\/pexels-lukas-306088.jpg&#8221; parallax=&#8221;on&#8221; custom_css_before=&#8221;position: absolute;|| content: %22%22;|| display: block;|| width: auto;|| visibility: visible;|| height: auto;|| top: 0;|| left: 0;|| right: 0;|| bottom: 0;|| transition: 0.3s;|| opacity: 0.6;|| background-color: #000;|| z-index: 1;&#8221; global_colors_info=&#8221;{}&#8221;][et_pb_row module_class=&#8221; et_pb_row_fullwidth&#8221; _builder_version=&#8221;4.16&#8243; background_size=&#8221;initial&#8221; background_position=&#8221;top_left&#8221; background_repeat=&#8221;repeat&#8221; width=&#8221;89%&#8221; width_tablet=&#8221;80%&#8221; width_phone=&#8221;&#8221; width_last_edited=&#8221;on|desktop&#8221; max_width=&#8221;89%&#8221; max_width_tablet=&#8221;80%&#8221; max_width_phone=&#8221;&#8221; max_width_last_edited=&#8221;on|desktop&#8221; custom_margin=&#8221;0px||0px&#8221; custom_padding=&#8221;0px||0px&#8221; make_fullwidth=&#8221;on&#8221; global_colors_info=&#8221;{}&#8221;][et_pb_column type=&#8221;4_4&#8243; _builder_version=&#8221;4.16&#8243; custom_padding=&#8221;|||&#8221; global_colors_info=&#8221;{}&#8221; custom_padding__hover=&#8221;|||&#8221;][et_pb_slider show_arrows=&#8221;off&#8221; use_bg_overlay=&#8221;off&#8221; _builder_version=&#8221;4.18.0&#8243; header_level=&#8221;h3&#8243; header_font=&#8221;Javacom||||||||&#8221; header_text_align=&#8221;center&#8221; header_font_size=&#8221;26px&#8221; custom_margin=&#8221;2%||0px||false|false&#8221; custom_padding=&#8221;||10%||false|false&#8221; animation_style=&#8221;fade&#8221; animation_duration=&#8221;1150ms&#8221; auto=&#8221;on&#8221; global_colors_info=&#8221;{}&#8221;][et_pb_slide heading=&#8221;EXPERIENCE AND PROFESSIONALISM&#8221; use_bg_overlay=&#8221;off&#8221; use_text_overlay=&#8221;off&#8221; _builder_version=&#8221;4.18.0&#8243; header_level=&#8221;h3&#8243; header_font=&#8221;Javacom||||||||&#8221; header_text_color=&#8221;#ffffff&#8221; header_font_size=&#8221;25px&#8221; header_line_height=&#8221;1.8em&#8221; body_font=&#8221;|600|||||||&#8221; body_text_align=&#8221;center&#8221; body_line_height=&#8221;1.9em&#8221; background_color=&#8221;#b2726&#8243; button_on_hover=&#8221;on&#8221; custom_padding=&#8221;0px||6%||false|false&#8221; header_font_size_tablet=&#8221;16px&#8221; header_font_size_phone=&#8221;16px&#8221; header_line_height_tablet=&#8221;26px&#8221; header_line_height_phone=&#8221;26px&#8221; body_font_size_tablet=&#8221;36px&#8221; body_font_size_phone=&#8221;36px&#8221; body_line_height_tablet=&#8221;46px&#8221; body_line_height_phone=&#8221;46px&#8221; global_colors_info=&#8221;{}&#8221; sticky_transition=&#8221;on&#8221;]<\/p>\n<p style=\"text-align: center;\">After <b>more than 20 years of experience<\/b>, every new project is an exciting challenge.<br \/>Give voice to your projects <b>trusting on professionals<\/b>. We will make your locution and we will send it to you in any format you want through e-mail, ftp\u2026<br \/>Competitive prices and professionalism guaranteed.<\/p>\n<p>[\/et_pb_slide][\/et_pb_slider][\/et_pb_column][\/et_pb_row][\/et_pb_section][et_pb_section fb_built=&#8221;1&#8243; custom_padding_last_edited=&#8221;on|tablet&#8221; admin_label=&#8221;Label Blurb Module&#8221; module_class=&#8221;blurb_9_f falkor&#8221; _builder_version=&#8221;4.16&#8243; background_color=&#8221;#ffffff&#8221; custom_padding=&#8221;0px|0px|0px|0px&#8221; custom_padding_tablet=&#8221;&#8221; custom_padding_phone=&#8221;&#8221; custom_css_main_element=&#8221;overflow: hidden !important;&#8221; collapsed=&#8221;off&#8221; global_colors_info=&#8221;{}&#8221;][\/et_pb_section]<\/p>\n","protected":false},"excerpt":{"rendered":"<p>WORKS Programas Documentos TV (TVE1) Zap-Zap (Telemadrid) La Guia (Telemadrid-CanalSur) Magazine R\u00e1pido (TV2) EuroNews Documentales-Publicidad Movistar+ (Publicidad y Trailers) Canales Tem\u00e1ticos Publicidad, Corporativos, Documentales, Audiolibros, Audiogu\u00edas, etc para muy diversas marcas. Bernardo Casado LOCUTOR Y VOICE ACTORI&#8217;m Bernardo Casado, voice over\u00a0\u00a0and voice acting. If you are looking for a deep, versatile, warm voice&#8230; something special [&hellip;]<\/p>\n","protected":false},"author":1,"featured_media":0,"parent":0,"menu_order":0,"comment_status":"closed","ping_status":"closed","template":"","meta":{"_et_pb_use_builder":"on","_et_pb_old_content":"","_et_gb_content_width":""},"yoast_head":"<!-- This site is optimized with the Yoast SEO plugin v20.3 - https:\/\/yoast.com\/wordpress\/plugins\/seo\/ -->\n<title>BERNARDO CASADO, LOCUTOR, ACTOR DE DOBLAJE<\/title>\n<meta name=\"description\" content=\"Bernardo Casado, locutor, actor de doblaje con trabajos en T.V.E., Telemadrid, CanalSur, Antena3, EuroNews, documentales y publicidad.\" \/>\n<meta name=\"robots\" content=\"index, follow, max-snippet:-1, max-image-preview:large, max-video-preview:-1\" \/>\n<link rel=\"canonical\" href=\"https:\/\/bernardocasado.com\/english\/\" \/>\n<meta property=\"og:locale\" content=\"en_US\" \/>\n<meta property=\"og:type\" content=\"article\" \/>\n<meta property=\"og:title\" content=\"BERNARDO CASADO, LOCUTOR, ACTOR DE DOBLAJE\" \/>\n<meta property=\"og:description\" content=\"Bernardo Casado, locutor, actor de doblaje con trabajos en T.V.E., Telemadrid, CanalSur, Antena3, EuroNews, documentales y publicidad.\" \/>\n<meta property=\"og:url\" content=\"https:\/\/bernardocasado.com\/english\/\" \/>\n<meta property=\"og:site_name\" content=\"Bernardo Casado locutor\" \/>\n<meta property=\"article:modified_time\" content=\"2022-12-01T10:39:59+00:00\" \/>\n<meta name=\"twitter:card\" content=\"summary_large_image\" \/>\n<meta name=\"twitter:label1\" content=\"Est. reading time\" \/>\n\t<meta name=\"twitter:data1\" content=\"8 minutes\" \/>\n<script type=\"application\/ld+json\" class=\"yoast-schema-graph\">{\"@context\":\"https:\/\/schema.org\",\"@graph\":[{\"@type\":\"WebPage\",\"@id\":\"https:\/\/bernardocasado.com\/english\/\",\"url\":\"https:\/\/bernardocasado.com\/english\/\",\"name\":\"BERNARDO CASADO, LOCUTOR, ACTOR DE DOBLAJE\",\"isPartOf\":{\"@id\":\"https:\/\/bernardocasado.com\/english\/#website\"},\"datePublished\":\"2016-11-17T17:50:05+00:00\",\"dateModified\":\"2022-12-01T10:39:59+00:00\",\"description\":\"Bernardo Casado, locutor, actor de doblaje con trabajos en T.V.E., Telemadrid, CanalSur, Antena3, EuroNews, documentales y publicidad.\",\"breadcrumb\":{\"@id\":\"https:\/\/bernardocasado.com\/english\/#breadcrumb\"},\"inLanguage\":\"en-US\",\"potentialAction\":[{\"@type\":\"ReadAction\",\"target\":[\"https:\/\/bernardocasado.com\/english\/\"]}]},{\"@type\":\"BreadcrumbList\",\"@id\":\"https:\/\/bernardocasado.com\/english\/#breadcrumb\",\"itemListElement\":[{\"@type\":\"ListItem\",\"position\":1,\"name\":\"Portada\",\"item\":\"https:\/\/bernardocasado.com\/english\/\"},{\"@type\":\"ListItem\",\"position\":2,\"name\":\"BERNARDO CASADO LOCUTOR\"}]},{\"@type\":\"WebSite\",\"@id\":\"https:\/\/bernardocasado.com\/english\/#website\",\"url\":\"https:\/\/bernardocasado.com\/english\/\",\"name\":\"Bernardo Casado locutor\",\"description\":\"LOCUTOR\",\"potentialAction\":[{\"@type\":\"SearchAction\",\"target\":{\"@type\":\"EntryPoint\",\"urlTemplate\":\"https:\/\/bernardocasado.com\/english\/?s={search_term_string}\"},\"query-input\":\"required name=search_term_string\"}],\"inLanguage\":\"en-US\"}]}<\/script>\n<!-- \/ Yoast SEO plugin. -->","yoast_head_json":{"title":"BERNARDO CASADO, LOCUTOR, ACTOR DE DOBLAJE","description":"Bernardo Casado, locutor, actor de doblaje con trabajos en T.V.E., Telemadrid, CanalSur, Antena3, EuroNews, documentales y publicidad.","robots":{"index":"index","follow":"follow","max-snippet":"max-snippet:-1","max-image-preview":"max-image-preview:large","max-video-preview":"max-video-preview:-1"},"canonical":"https:\/\/bernardocasado.com\/english\/","og_locale":"en_US","og_type":"article","og_title":"BERNARDO CASADO, LOCUTOR, ACTOR DE DOBLAJE","og_description":"Bernardo Casado, locutor, actor de doblaje con trabajos en T.V.E., Telemadrid, CanalSur, Antena3, EuroNews, documentales y publicidad.","og_url":"https:\/\/bernardocasado.com\/english\/","og_site_name":"Bernardo Casado locutor","article_modified_time":"2022-12-01T10:39:59+00:00","twitter_card":"summary_large_image","twitter_misc":{"Est. reading time":"8 minutes"},"schema":{"@context":"https:\/\/schema.org","@graph":[{"@type":"WebPage","@id":"https:\/\/bernardocasado.com\/english\/","url":"https:\/\/bernardocasado.com\/english\/","name":"BERNARDO CASADO, LOCUTOR, ACTOR DE DOBLAJE","isPartOf":{"@id":"https:\/\/bernardocasado.com\/english\/#website"},"datePublished":"2016-11-17T17:50:05+00:00","dateModified":"2022-12-01T10:39:59+00:00","description":"Bernardo Casado, locutor, actor de doblaje con trabajos en T.V.E., Telemadrid, CanalSur, Antena3, EuroNews, documentales y publicidad.","breadcrumb":{"@id":"https:\/\/bernardocasado.com\/english\/#breadcrumb"},"inLanguage":"en-US","potentialAction":[{"@type":"ReadAction","target":["https:\/\/bernardocasado.com\/english\/"]}]},{"@type":"BreadcrumbList","@id":"https:\/\/bernardocasado.com\/english\/#breadcrumb","itemListElement":[{"@type":"ListItem","position":1,"name":"Portada","item":"https:\/\/bernardocasado.com\/english\/"},{"@type":"ListItem","position":2,"name":"BERNARDO CASADO LOCUTOR"}]},{"@type":"WebSite","@id":"https:\/\/bernardocasado.com\/english\/#website","url":"https:\/\/bernardocasado.com\/english\/","name":"Bernardo Casado locutor","description":"LOCUTOR","potentialAction":[{"@type":"SearchAction","target":{"@type":"EntryPoint","urlTemplate":"https:\/\/bernardocasado.com\/english\/?s={search_term_string}"},"query-input":"required name=search_term_string"}],"inLanguage":"en-US"}]}},"_links":{"self":[{"href":"https:\/\/bernardocasado.com\/english\/wp-json\/wp\/v2\/pages\/25632"}],"collection":[{"href":"https:\/\/bernardocasado.com\/english\/wp-json\/wp\/v2\/pages"}],"about":[{"href":"https:\/\/bernardocasado.com\/english\/wp-json\/wp\/v2\/types\/page"}],"author":[{"embeddable":true,"href":"https:\/\/bernardocasado.com\/english\/wp-json\/wp\/v2\/users\/1"}],"replies":[{"embeddable":true,"href":"https:\/\/bernardocasado.com\/english\/wp-json\/wp\/v2\/comments?post=25632"}],"version-history":[{"count":11,"href":"https:\/\/bernardocasado.com\/english\/wp-json\/wp\/v2\/pages\/25632\/revisions"}],"predecessor-version":[{"id":25750,"href":"https:\/\/bernardocasado.com\/english\/wp-json\/wp\/v2\/pages\/25632\/revisions\/25750"}],"wp:attachment":[{"href":"https:\/\/bernardocasado.com\/english\/wp-json\/wp\/v2\/media?parent=25632"}],"curies":[{"name":"wp","href":"https:\/\/api.w.org\/{rel}","templated":true}]}}